 is the highest common divisor of 5 and 1215?
5
Calculate the highest common factor of 65 and 585.
65
Calculate the greatest common factor of 42 and 567.
21
Calculate the greatest common factor of 9 and 585.
9
Calculate the highest common divisor of 84 and 2532.
12
Calculate the highest common divisor of 4 and 1322.
2
What is the greatest common divisor of 352 and 192?
32
Calculate the greatest common divisor of 6999 and 3.
3
What is the greatest common factor of 96 and 438?
6
What is the highest common factor of 77 and 3?
1
Calculate the highest common factor of 288 and 72.
72
Calculate the greatest common divisor of 460 and 160.
20
What is the highest common factor of 714 and 6?
6
What is the greatest common divisor of 49300 and 68?
68
What is the highest common divisor of 14 and 9422?
14
Calculate the highest common divisor of 351 and 9204.
39
What is the highest common divisor of 228 and 12?
12
Calculate the greatest common factor of 24 and 12684.
12
What is the highest common factor of 10 and 210?
10
Calculate the highest common factor of 1650 and 1740.
30
What is the highest common factor of 790 and 18?
2
What is the highest common divisor of 784 and 56?
56
What is the greatest common divisor of 1661 and 755?
151
What is the greatest common factor of 4630 and 10?
10
Calculate the highest common factor of 60 and 480.
60
Calculate the highest common divisor of 3859 and 2043.
227
What is the highest common factor of 53 and 1643?
53
Calculate the greatest common divisor of 4205 and 10.
5
Calculate the highest common factor of 651 and 63.
21
What is the greatest common divisor of 83 and 5146?
83
Calculate the greatest common divisor of 413 and 4189.
59
Calculate the greatest common factor of 6 and 6.
6
Calculate the highest common divisor of 65 and 169.
13
Calculate the greatest common divisor of 28 and 5012.
28
What is the greatest common divisor of 1148 and 328?
164
Calculate the highest common divisor of 168 and 8.
8
Calculate the greatest common factor of 672 and 192.
96
Calculate the greatest common factor of 424 and 72.
8
What is the highest common factor of 248 and 1612?
124
Calculate the greatest common divisor of 6056 and 2.
2
Calculate the highest common factor of 120 and 17700.
60
Calculate the highest common factor of 2574 and 36.
18
Calculate the greatest common divisor of 6 and 14.
2
Calculate the greatest common factor of 111 and 777.
111
Calculate the greatest common factor of 1099 and 2983.
157
What is the highest common divisor of 72 and 696?
24
Calculate the greatest common factor of 1204 and 217.
7
Calculate the greatest common factor of 180 and 90.
90
Calculate the highest common divisor of 100 and 80.
20
Calculate the greatest common factor of 99 and 2409.
33
What is the highest common factor of 102 and 578?
34
Calculate the greatest common factor of 58114 and 98.
98
What is the highest common divisor of 2627 and 3053?
71
Calculate the highest common divisor of 1 and 162.
1
What is the greatest common divisor of 13 and 2041?
13
Calculate the highest common factor of 2545 and 5.
5
What is the greatest common divisor of 28 and 42?
14
What is the greatest common factor of 87 and 145?
29
Calculate the highest common factor of 52 and 27950.
26
Calculate the highest common divisor of 114 and 1986.
6
Calculate the highest common factor of 8235 and 315.
45
What is the highest common divisor of 88 and 2134?
22
What is the highest common divisor of 272 and 16?
16
Calculate the greatest common divisor of 12 and 678.
6
What is the highest common factor of 414 and 6?
6
What is the highest common factor of 605 and 45?
5
What is the highest common divisor of 57 and 285?
57
What is the greatest common factor of 459 and 119?
17
Calculate the highest common divisor of 13 and 871.
13
What is the greatest common factor of 70 and 80?
10
What is the greatest common factor of 8535 and 15?
15
What is the highest common divisor of 4992 and 39?
39
Calculate the highest common factor of 266 and 114.
38
Calculate the greatest common factor of 27 and 387.
9
Calculate the greatest common factor of 100 and 400.
100
Calculate the highest common factor of 100 and 1750.
50
Calculate the highest common factor of 22 and 44.
22
Calculate the greatest common factor of 76 and 3724.
76
What is the highest common factor of 513 and 54?
27
What is the greatest common factor of 477 and 106?
53
What is the highest common divisor of 4592 and 672?
112
Calculate the greatest common factor of 155 and 1736.
31
What is the greatest common divisor of 32 and 4?
4
What is the greatest common factor of 4 and 70?
2
Calculate the highest common factor of 51 and 204.
51
What is the highest common factor of 130 and 20?
10
Calculate the greatest common factor of 24193 and 13.
13
What is the greatest common factor of 8640 and 32?
32
What is the highest common factor of 100 and 10300?
100
What is the greatest common divisor of 52 and 650?
26
What is the highest common factor of 174 and 203?
29
What is the greatest common divisor of 95 and 14345?
95
Calculate the greatest common divisor of 1 and 1699.
1
Calculate the highest common factor of 153 and 45.
9
Calculate the greatest common factor of 23920 and 80.
80
Calculate the greatest common divisor of 598 and 52.
26
What is the highest common divisor of 231 and 561?
33
What is the highest common divisor of 875 and 5?
5
Calculate the highest common divisor of 7866 and 304.
38
Calculate the highest common divisor of 2363 and 17.
17
Calculate the greatest common factor of 243 and 378.
27
What is the highest common divisor of 923 and 26?
13
Calculate the greatest common divisor of 3 and 1.
1
What is the highest common factor of 44 and 143?
11
What is the highest common factor of 3937 and 127?
127
Calculate the highest common factor of 22 and 4.
2
Calculate the greatest common factor of 42 and 2478.
42
Calculate the highest common factor of 217 and 14.
7
Calculate the highest common divisor of 9 and 423.
9
What is the greatest common factor of 5 and 125?
5
What is the highest common divisor of 63 and 1554?
21
Calculate the highest common divisor of 3375 and 54.
27
What is the highest common factor of 1440 and 10260?
180
What is the greatest common divisor of 657 and 99?
9
What is the greatest common divisor of 335 and 370?
5
Calculate the greatest common factor of 17 and 41497.
17
What is the highest common factor of 56 and 2282?
14
Calculate the greatest common factor of 21 and 23457.
21
What is the highest common divisor of 22 and 352?
22
Calculate the highest common factor of 30 and 240.
30
Calculate the highest common divisor of 2 and 32.
2
Calculate the greatest common divisor of 238 and 70.
14
What is the highest common factor of 53 and 14151?
53
What is the greatest common factor of 21 and 2247?
21
Calculate the highest common factor of 40 and 48.
8
Calculate the greatest common factor of 45 and 4554.
9
What is the highest common divisor of 48 and 4528?
16
What is the highest common factor of 44 and 220?
44
Calculate the highest common divisor of 1872 and 132.
12
What is the highest common divisor of 40 and 680?
40
Calculate the greatest common divisor of 23 and 437.
23
Calculate the greatest common divisor of 55 and 265.
5
What is the greatest common divisor of 4117 and 537?
179
Calculate the greatest common divisor of 92 and 36.
4
Calculate the highest common divisor of 411 and 17947.
137
What is the greatest common divisor of 396 and 36?
36
What is the highest common factor of 12 and 147?
3
Calculate the greatest common factor of 1 and 1.
1
What is the highest common divisor of 46 and 25162?
46
Calculate the greatest common factor of 123 and 779.
41
Calculate the highest common factor of 42 and 7.
7
Calculate the highest common factor of 44 and 66.
22
What is the highest common factor of 5145 and 1911?
147
Calculate the highest common divisor of 24 and 477.
3
What is the greatest common divisor of 170 and 51?
17
Calculate the highest common factor of 104 and 832.
104
Calculate the highest common factor of 357 and 6188.
119
What is the highest common divisor of 70 and 1610?
70
What is the highest common factor of 72 and 13140?
36
What is the highest common factor of 572 and 416?
52
Calculate the greatest common divisor of 2